{"id":684,"date":"2013-03-13T21:40:54","date_gmt":"2013-03-13T21:40:54","guid":{"rendered":"http:\/\/www.fccoheran.ch\/?page_id=684"},"modified":"2026-04-25T07:55:40","modified_gmt":"2026-04-25T07:55:40","slug":"camp-de-foot-fcc","status":"publish","type":"page","link":"https:\/\/www.fccoheran.ch\/?page_id=684","title":{"rendered":"COHERAN FOOTBALL CAMP"},"content":{"rendered":"<p>\n\n\n<p>Depuis plus d&rsquo;une dizaine d&rsquo;ann\u00e9es, nous organisons un camp estival aux Tattes.<\/p>\n\n\n\n<p>Le Coheran Footbal aura lieu cette ann\u00e9e aux dates suivantes <\/p>\n\n\n\n<ol class=\"wp-block-list\">\n<li>du 29 juin au 3 juillet<\/li>\n\n\n\n<li>du 10 au 14 ao\u00fbt<\/li>\n<\/ol>\n\n\n\n<p>Attention les places sont malheureusement limit\u00e9es et les inscriptions seront prises dans l&rsquo;ordre d&rsquo;arriv\u00e9e.<\/p>\n\n\n\n<p><a href=\"https:\/\/inscriptions.fccoheran.ch\/camps\">Lien d&rsquo;inscription Camp FC Coheran \u00e9t\u00e9 2026 <\/a><\/p>\n\n\n\n<p>Une fois, le formulaire rempli, nous vous enverrons une confirmation par email d&rsquo;ici fin mai afin d&rsquo;effectuer le paiement qui confirmera l&rsquo;inscription <\/p>\n\n\n\n<p>Nous nous r\u00e9jouissons d&rsquo;accueillir vos enfants cet \u00e9t\u00e9 !!!<\/p>\n\n\n<div class=\"wp-block-image\">\n<figure class=\"aligncenter size-large\"><a href=\"https:\/\/www.fccoheran.ch\/wp-content\/uploads\/2026\/04\/Camps-FCC-ete-2026.jpg\"><img loading=\"lazy\" decoding=\"async\" width=\"689\" height=\"1024\" src=\"https:\/\/www.fccoheran.ch\/wp-content\/uploads\/2026\/04\/Camps-FCC-ete-2026-689x1024.jpg\" alt=\"\" class=\"wp-image-7551\" srcset=\"https:\/\/www.fccoheran.ch\/wp-content\/uploads\/2026\/04\/Camps-FCC-ete-2026-689x1024.jpg 689w, https:\/\/www.fccoheran.ch\/wp-content\/uploads\/2026\/04\/Camps-FCC-ete-2026-202x300.jpg 202w, https:\/\/www.fccoheran.ch\/wp-content\/uploads\/2026\/04\/Camps-FCC-ete-2026-768x1142.jpg 768w, https:\/\/www.fccoheran.ch\/wp-content\/uploads\/2026\/04\/Camps-FCC-ete-2026.jpg 1020w\" sizes=\"auto, (max-width: 689px) 100vw, 689px\" \/><\/a><\/figure>\n<\/div>\n\n<\/p>\n<ul>\n<\/ul>\n\n\n<figure class=\"wp-block-image size-large\"><a href=\"https:\/\/www.fccoheran.ch\/wp-content\/uploads\/2013\/03\/cropped-Coheran-Football-Camp-2018.jpg\"><img loading=\"lazy\" decoding=\"async\" width=\"1024\" height=\"325\" src=\"https:\/\/www.fccoheran.ch\/wp-content\/uploads\/2013\/03\/cropped-Coheran-Football-Camp-2018-1024x325.jpg\" alt=\"\" class=\"wp-image-5235\" srcset=\"https:\/\/www.fccoheran.ch\/wp-content\/uploads\/2013\/03\/cropped-Coheran-Football-Camp-2018-1024x325.jpg 1024w, https:\/\/www.fccoheran.ch\/wp-content\/uploads\/2013\/03\/cropped-Coheran-Football-Camp-2018-300x95.jpg 300w, https:\/\/www.fccoheran.ch\/wp-content\/uploads\/2013\/03\/cropped-Coheran-Football-Camp-2018-768x244.jpg 768w, https:\/\/www.fccoheran.ch\/wp-content\/uploads\/2013\/03\/cropped-Coheran-Football-Camp-2018.jpg 1102w\" sizes=\"auto, (max-width: 1024px) 100vw, 1024px\" \/><\/a><\/figure>\n\n\n\n<p><\/p>\n","protected":false},"excerpt":{"rendered":"<p>Depuis plus d&rsquo;une dizaine d&rsquo;ann\u00e9es, nous organisons un camp estival aux Tattes. Le Coheran Footbal aura lieu cette ann\u00e9e aux dates suivantes Attention les places sont malheureusement limit\u00e9es et les inscriptions seront prises dans l&rsquo;ordre d&rsquo;arriv\u00e9e. Lien d&rsquo;inscription Camp FC Coheran \u00e9t\u00e9 2026 Une fois, le formulaire rempli, nous vous enverrons une confirmation par email [&hellip;]<\/p>\n","protected":false},"author":2,"featured_media":5084,"parent":49,"menu_order":30,"comment_status":"closed","ping_status":"open","template":"","meta":{"footnotes":""},"class_list":["post-684","page","type-page","status-publish","has-post-thumbnail","hentry"],"_links":{"self":[{"href":"https:\/\/www.fccoheran.ch\/index.php?rest_route=\/wp\/v2\/pages\/684","targetHints":{"allow":["GET"]}}],"collection":[{"href":"https:\/\/www.fccoheran.ch\/index.php?rest_route=\/wp\/v2\/pages"}],"about":[{"href":"https:\/\/www.fccoheran.ch\/index.php?rest_route=\/wp\/v2\/types\/page"}],"author":[{"embeddable":true,"href":"https:\/\/www.fccoheran.ch\/index.php?rest_route=\/wp\/v2\/users\/2"}],"replies":[{"embeddable":true,"href":"https:\/\/www.fccoheran.ch\/index.php?rest_route=%2Fwp%2Fv2%2Fcomments&post=684"}],"version-history":[{"count":54,"href":"https:\/\/www.fccoheran.ch\/index.php?rest_route=\/wp\/v2\/pages\/684\/revisions"}],"predecessor-version":[{"id":7552,"href":"https:\/\/www.fccoheran.ch\/index.php?rest_route=\/wp\/v2\/pages\/684\/revisions\/7552"}],"up":[{"embeddable":true,"href":"https:\/\/www.fccoheran.ch\/index.php?rest_route=\/wp\/v2\/pages\/49"}],"wp:featuredmedia":[{"embeddable":true,"href":"https:\/\/www.fccoheran.ch\/index.php?rest_route=\/wp\/v2\/media\/5084"}],"wp:attachment":[{"href":"https:\/\/www.fccoheran.ch\/index.php?rest_route=%2Fwp%2Fv2%2Fmedia&parent=684"}],"curies":[{"name":"wp","href":"https:\/\/api.w.org\/{rel}","templated":true}]}}

<p>


<p>Depuis plus d&rsquo;une dizaine d&rsquo;années, nous organisons un camp estival aux Tattes.</p>



<p>Le Coheran Footbal aura lieu cette année aux dates suivantes </p>



<ol class="wp-block-list">
<li>du 29 juin au 3 juillet</li>



<li>du 10 au 14 août</li>
</ol>



<p>Attention les places sont malheureusement limitées et les inscriptions seront prises dans l&rsquo;ordre d&rsquo;arrivée.</p>



<p><a href="https://inscriptions.fccoheran.ch/camps">Lien d&rsquo;inscription Camp FC Coheran été 2026 </a></p>



<p>Une fois, le formulaire rempli, nous vous enverrons une confirmation par email d&rsquo;ici fin mai afin d&rsquo;effectuer le paiement qui confirmera l&rsquo;inscription </p>



<p>Nous nous réjouissons d&rsquo;accueillir vos enfants cet été !!!</p>


<div class="wp-block-image">
<figure class="aligncenter size-large"><a href="https://www.fccoheran.ch/wp-content/uploads/2026/04/Camps-FCC-ete-2026.jpg"><img loading="lazy" decoding="async" width="689" height="1024" src="https://www.fccoheran.ch/wp-content/uploads/2026/04/Camps-FCC-ete-2026-689x1024.jpg" alt="" class="wp-image-7551" srcset="https://www.fccoheran.ch/wp-content/uploads/2026/04/Camps-FCC-ete-2026-689x1024.jpg 689w, https://www.fccoheran.ch/wp-content/uploads/2026/04/Camps-FCC-ete-2026-202x300.jpg 202w, https://www.fccoheran.ch/wp-content/uploads/2026/04/Camps-FCC-ete-2026-768x1142.jpg 768w, https://www.fccoheran.ch/wp-content/uploads/2026/04/Camps-FCC-ete-2026.jpg 1020w" sizes="auto, (max-width: 689px) 100vw, 689px" /></a></figure>
</div>

</p>
<ul>
</ul>


<figure class="wp-block-image size-large"><a href="https://www.fccoheran.ch/wp-content/uploads/2013/03/cropped-Coheran-Football-Camp-2018.jpg"><img loading="lazy" decoding="async" width="1024" height="325" src="https://www.fccoheran.ch/wp-content/uploads/2013/03/cropped-Coheran-Football-Camp-2018-1024x325.jpg" alt="" class="wp-image-5235" srcset="https://www.fccoheran.ch/wp-content/uploads/2013/03/cropped-Coheran-Football-Camp-2018-1024x325.jpg 1024w, https://www.fccoheran.ch/wp-content/uploads/2013/03/cropped-Coheran-Football-Camp-2018-300x95.jpg 300w, https://www.fccoheran.ch/wp-content/uploads/2013/03/cropped-Coheran-Football-Camp-2018-768x244.jpg 768w, https://www.fccoheran.ch/wp-content/uploads/2013/03/cropped-Coheran-Football-Camp-2018.jpg 1102w" sizes="auto, (max-width: 1024px) 100vw, 1024px" /></a></figure>



<p></p>

<p>Depuis plus d&rsquo;une dizaine d&rsquo;années, nous organisons un camp estival aux Tattes. Le Coheran Footbal aura lieu cette année aux dates suivantes Attention les places sont malheureusement limitées et les inscriptions seront prises dans l&rsquo;ordre d&rsquo;arrivée. Lien d&rsquo;inscription Camp FC Coheran été 2026 Une fois, le formulaire rempli, nous vous enverrons une confirmation par email [&hellip;]</p>
